ndred millions digit of 1615503511?
6
What is the tens digit of 128876462?
6
What is the billions digit of 4456399712?
4
What is the billions digit of 4860051310?
4
What is the tens digit of 51719335?
3
What is the hundreds digit of 3410105819?
8
What is the ten millions digit of 131745446?
3
What is the millions digit of 1514563257?
4
What is the hundreds digit of 29064977?
9
What is the tens digit of 146474057?
5
What is the ten thousands digit of 71088980?
8
What is the thousands digit of 96411009?
1
What is the hundred millions digit of 141091074?
1
What is the hundreds digit of 1560802125?
1
What is the units digit of 488989478?
8
What is the ten millions digit of 7666354854?
6
What is the ten thousands digit of 1470772968?
7
What is the units digit of 282674878?
8
What is the thousands digit of 446157189?
7
What is the tens digit of 987175333?
3
What is the hundred thousands digit of 1990180062?
1
What is the ten thousands digit of 61368905?
6
What is the thousands digit of 175795154?
5
What is the ten thousands digit of 195569394?
6
What is the ten thousands digit of 1017365?
1
What is the hundreds digit of 2082987711?
7
What is the hundred thousands digit of 58011462?
0
What is the hundred millions digit of 104065869?
1
What is the hundreds digit of 4949766942?
9
What is the units digit of 94164578?
8
What is the units digit of 68851208?
8
What is the ten millions digit of 72624305?
7
What is the millions digit of 12176879?
2
What is the ten millions digit of 1676098492?
7
What is the tens digit of 2205368121?
2
What is the hundreds digit of 115560983?
9
What is the hundred millions digit of 288784257?
2
What is the hundred millions digit of 246862774?
2
What is the hundred millions digit of 234997366?
2
What is the tens digit of 2307777742?
4
What is the hundreds digit of 86476558?
5
What is the ten millions digit of 2140710652?
4
What is the thousands digit of 328009484?
9
What is the thousands digit of 1370733878?
3
What is the ten thousands digit of 334726258?
2
What is the millions digit of 154338360?
4
What is the ten millions digit of 193549197?
9
What is the ten thousands digit of 276535265?
3
What is the millions digit of 671146480?
1
What is the thousands digit of 1641896036?
6
What is the hundreds digit of 165468643?
6
What is the ten thousands digit of 213376107?
7
What is the tens digit of 1711415122?
2
What is the units digit of 163873216?
6
What is the hundreds digit of 32416546?
5
What is the hundreds digit of 1171600915?
9
What is the tens digit of 14708616?
1
What is the thousands digit of 25561?
5
What is the thousands digit of 142863273?
3
What is the hundred millions digit of 593593421?
5
What is the ten millions digit of 29041356?
2
What is the hundred thousands digit of 96414993?
4
What is the ten thousands digit of 21496609?
9
What is the thousands digit of 1113848975?
8
What is the millions digit of 660467718?
0
What is the ten millions digit of 1203260992?
0
What is the hundreds digit of 63270913?
9
What is the hundred thousands digit of 47432610?
4
What is the tens digit of 979588855?
5
What is the ten millions digit of 29096616?
2
What is the hundred thousands digit of 728494241?
4
What is the tens digit of 75713651?
5
What is the tens digit of 16950978?
7
What is the hundred thousands digit of 243625202?
6
What is the ten thousands digit of 38167781?
6
What is the hundred thousands digit of 18087596?
0
What is the hundreds digit of 154474897?
8
What is the hundred millions digit of 2901662271?
9
What is the hundred millions digit of 1558838119?
5
What is the ten millions digit of 378241579?
7
What is the hundred millions digit of 1175742861?
1
What is the ten millions digit of 180780554?
8
What is the billions digit of 2428066039?
2
What is the hundreds digit of 7342519773?
7
What is the ten millions digit of 48214777?
4
What is the units digit of 237224549?
9
What is the ten millions digit of 629700898?
2
What is the thousands digit of 63017242?
7
What is the thousands digit of 1274404665?
4
What is the ten thousands digit of 73247275?
4
What is the hundreds digit of 17511748?
7
What is the hundred thousands digit of 1911587477?
5
What is the ten thousands digit of 1467373428?
7
What is the ten millions digit of 827955605?
2
What is the thousands digit of 64475149?
5
What is the units digit of 51088624?
4
What is the millions digit of 715196232?
5
What is the hundred thousands digit of 95501377?
5
What is the millions digit of 7633884?
7
What is the ten thousands digit of 885891971?
9
What is the billions digit of 1766430956?
1
What is the ten millions digit of 353061387?
5
What is the hundred thousands digit of 57311097?
3
What is the units digit of 4481265924?
4
What is the tens digit of 43224109?
0
What is the hundred thousands digit of 2717859391?
8
What is the hundred thousands digit of 57197184?
1
What is the units digit of 246257863?
3
What is the hundred millions digit of 390589405?
3
What is the hundred thousands digit of 47944300?
9
What is the tens digit of 24060978?
7
What is the hundred thousands digit of 138294789?
2
What is the tens digit of 1790041?
4
What is the millions digit of 59496384?
9
What is the thousands digit of 223509154?
9
What is the billions digit of 3025393112?
3
What is the billions digit of 5054626233?
5
What is the ten millions digit of 29222212?
2
What is the hundred thousands digit of 906595603?
5
What is the hundred thousands digit of 2794404111?
4
What is the hundreds digit of 1414021222?
2
What is the ten millions digit of 4874820961?
7
What is the hundred thousands digit of 294897479?
8
What is the ten thousands digit of 333145154?
4
What is the tens digit of 254227658?
5
What is the hundred thousands digit of 533397166?
3
What is the hundred thousands digit of 55373336?
3
What is the hundred thousands digit of 1029875635?
8
What is the hundreds digit of 69602668?
6
What is the units digit of 7949265119?
9
What is the thousands digit of 257234107?
4
What is the ten thousands digit of 47651153?
5
What is the units digit of 350477805?
5
What is the hundreds digit of 1291132777?
7
What is the units digit of 206057390?
0
What is the hundreds digit of 150782162?
1
What is the thousands digit of 3767921?
7
What is the hundred millions digit of 122695811?
1
What is the hundred millions digit of 980185171?
9
What is the hundred millions digit of 419990631?
4
What is the hundreds digit of 1697432445?
4
What is the hundred thousands digit of 31556267?
5
What is the hundreds digit of 507470854?
8
What is the hundreds digit of 5704788839?
8
What is the units digit of 163385?
5
What is the hundred millions digit of 1372934526?
3
What is the hundred millions digit of 931317933?
9
What is the thousands digit of 127282732?
2
What is the ten millions digit of 300613423?
0
What is the units digit of 74751795?
5
What is the units digit of 53333669?
9
What is the ten thousands digit of 89956044?
5
What is the tens digit of 44889961?
6
What is the ten thousands digit of 585131015?
3
What is the millions digit of 35458827?
5
What is the tens digit of 105085936?
3
What is the thousands digit of 4406504260?
4
What is the ten millions digit of 42220729?
4
What is the ten millions digit of 54815691?
5
What is the hundred thousands digit of 320986208?
9
What is the thousands digit of 236009977?
9
What is the millions digit of 4978743958?
8
What is the ten thousands digit of 670682496?
8
What is the millions digit of 567256659?
7
What is the tens digit of 382116538?
3
What is the thousands digit of 2489286?
9
What is the hundreds digit of 219417468?
4
What is the thousands digit of 94976248?
6
What is the hundred thousands digit of 199260665?
2
What is the thousands digit of 452011262?
1
What is the hundred thousands digit of 256546675?
5
What is the thousands digit of 1892142300?
2
What is the tens digit of 4621390435?
3
What is the ten thousands digit of 93696522?
9
What is the hundreds digit of 358732227?
2
What is the units digit of 21188037?
7
What is the ten thousands digit of 95676936?
7
What is the ten thousands digit of 8852507?
5
What is the ten millions digit of 2904406569?
0
What is the tens digit of 35926833?
3
What is the thousands digit of 6245345606?
5
What is the ten mill